{"id":3,"date":"2024-02-22T15:05:20","date_gmt":"2024-02-22T15:05:20","guid":{"rendered":"http:\/\/xpc.pt\/?page_id=3"},"modified":"2024-03-14T12:58:48","modified_gmt":"2024-03-14T12:58:48","slug":"privacy-policy-2","status":"publish","type":"page","link":"https:\/\/xpc.pt\/index.php\/home\/privacy-policy-2\/","title":{"rendered":"Politica de Privacidade &#038; Cokies"},"content":{"rendered":"\t\t<div data-elementor-type=\"wp-page\" data-elementor-id=\"3\" class=\"elementor elementor-3\" data-elementor-post-type=\"page\">\n\t\t\t\t<div class=\"elementor-element elementor-element-1da00cf6 e-flex e-con-boxed e-con e-parent\" data-id=\"1da00cf6\" data-element_type=\"container\" data-e-type=\"container\">\n\t\t\t\t\t<div class=\"e-con-inner\">\n\t\t\t\t<div class=\"elementor-element elementor-element-a86d89a elementor-widget elementor-widget-text-editor\" data-id=\"a86d89a\" data-element_type=\"widget\" data-e-type=\"widget\" data-widget_type=\"text-editor.default\">\n\t\t\t\t<div class=\"elementor-widget-container\">\n\t\t\t\t\t\t\t\t\t<p><\/p>\n<h1 class=\"wp-block-heading\" style=\"box-sizing: border-box; font-weight: 500; line-height: 1.4; margin-top: 0px; font-size: 1.5625rem; font-family: OpenSans-Bold, sans-serif; margin-bottom: 3rem !important;\">POL\u00cdTICA DE PRIVACIDADE (RGPD)<\/h1>\n<div style=\"box-sizing: border-box; --bs-gutter-x: 1.5rem; --bs-gutter-y: 0; display: flex; flex-wrap: wrap; margin-left: calc(var(--bs-gutter-x)*-.5); margin-right: calc(var(--bs-gutter-x)*-.5); margin-top: calc(var(--bs-gutter-y)*-1); color: #242424; font-family: OpenSans-Regular, sans-serif; font-size: 15px; font-style: normal; font-variant-ligatures: normal; font-variant-caps: normal; font-weight: 400; letter-spacing: normal; orphans: 2; text-align: start; text-indent: 0px; text-transform: none; widows: 2; word-spacing: 0px; -webkit-text-stroke-width: 0px; white-space: normal; background-color: #f5f5f5; text-decoration-thickness: initial; text-decoration-style: initial; text-decoration-color: initial;\">\n<div style=\"box-sizing: border-box; flex: 0 0 auto; margin-top: var(--bs-gutter-y); max-width: 100%; padding-left: calc(var(--bs-gutter-x)*.5); padding-right: calc(var(--bs-gutter-x)*.5); width: 980px; -webkit-box-flex: 0;\">\n<p style=\"box-sizing: border-box; margin-bottom: 2rem; margin-top: 0px;\">A XPC Inform\u00e1tica Lda. disp\u00f5e de uma pol\u00edtica de privacidade que garante a prote\u00e7\u00e3o dos seus dados, \u00e0 luz da nova lei de 25 de Maio, denominada por &#8220;Regulamento Geral da Prote\u00e7\u00e3o de Dados&#8221; (RGPD).<\/p>\n<\/div>\n<\/div>\n<h2 style=\"box-sizing: border-box; font-weight: 500; line-height: 1.4; margin-top: 3rem !important; font-size: 1.4375rem; font-family: OpenSans-Bold, sans-serif; margin-bottom: 1rem !important;\">IDENTIFICA\u00c7\u00c3O DO RESPONS\u00c1VEL PELO TRATAMENTO<\/h2>\n<div style=\"--bs-gutter-x: 1.5rem; --bs-gutter-y: 0; margin-left: calc(var(--bs-gutter-x)*-.5); margin-right: calc(var(--bs-gutter-x)*-.5); margin-top: calc(var(--bs-gutter-y)*-1); color: #242424; font-family: OpenSans-Regular, sans-serif; font-size: 15px; font-weight: 400; background-color: #f5f5f5;\">\n<div style=\"flex-basis: auto; margin-top: var(--bs-gutter-y); padding-left: calc(var(--bs-gutter-x)*.5); padding-right: calc(var(--bs-gutter-x)*.5); width: 980px; -webkit-box-flex: 0;\">\n<ul style=\"padding-left: 0px; margin-bottom: 1rem; list-style-type: none;\">\n<li>Nome: XPC Inform\u00e1tica lda<\/li>\n<li>Morada: Rua Quinta da Capel\u00e2, n\u00ba1<br>2630-225 Arruda dos Vinhos<br>Portugal<\/li>\n<li>NIPC: 507515374<\/li>\n<li>Contacto Encarregado da Prote\u00e7\u00e3o de Dados: rh@xpc.pt<\/li>\n<\/ul>\n<\/div>\n<\/div>\n<h2 style=\"font-weight: 500; line-height: 1.4; font-size: 1.4375rem; font-family: OpenSans-Bold, sans-serif;\">INFORMA\u00c7\u00c3O E CONSENTIMENTO<\/h2>\n<div style=\"--bs-gutter-x: 1.5rem; --bs-gutter-y: 0; margin-left: calc(var(--bs-gutter-x)*-.5); margin-right: calc(var(--bs-gutter-x)*-.5); margin-top: calc(var(--bs-gutter-y)*-1); color: #242424; font-family: OpenSans-Regular, sans-serif; font-size: 15px; font-weight: 400; background-color: #f5f5f5;\">\n<div style=\"flex-basis: auto; margin-top: var(--bs-gutter-y); padding-left: calc(var(--bs-gutter-x)*.5); padding-right: calc(var(--bs-gutter-x)*.5); width: 980px; -webkit-box-flex: 0;\">\n<p style=\"margin-bottom: 2rem;\">A Lei da Prote\u00e7\u00e3o de Dados Pessoais (em diante \u201cLPDP\u201d) e o Regulamento Geral de Prote\u00e7\u00e3o de Dados (Regulamento (UE) 2016\/679 do Parlamento Europeu e do Conselho de 27 de abril de 2016, em diante \u201cRGPD\u201d) asseguram a prote\u00e7\u00e3o das pessoas singulares no que diz respeito ao tratamento de dados pessoais e \u00e0 livre circula\u00e7\u00e3o desses dados.<\/p>\n<p style=\"margin-bottom: 2rem;\">Nos termos legais s\u00e3o considerados \u201cdados pessoais\u201d qualquer informa\u00e7\u00e3o, de qualquer natureza e independentemente do respetivo suporte, incluindo som e imagem, relativa a uma pessoa singular identificada ou identific\u00e1vel, pelo que a prote\u00e7\u00e3o n\u00e3o abrange os dados de pessoas coletivas.<\/p>\n<p>Mediante a aceita\u00e7\u00e3o da presente Pol\u00edtica de Privacidade o utilizador declara para os efeitos previstos no disposto nos artigos 4\u00ba, n\u00bas. 1, 2, 3, 6, 7 e 11, 6\u00ba, 7\u00ba, 13.\u00ba presta o seu consentimento consentimento livre, espont\u00e2neo e esclarecidos para o tratamento dos dados pessoais, \u00e0 CASEKING IBERIA pessoais fornecidos atrav\u00e9s do site<\/p>\n<p style=\"margin-bottom: 2rem;\">https:\/\/www.globaldata.pt sejam inclu\u00eddos num ficheiro da responsabilidade da XPC Inform\u00e1tica Lda, cujo tratamento nos termos da LPDP e do RGPD cumpre as medidas de seguran\u00e7a t\u00e9cnicas e organizativas adequadas.<\/p>\n<p>A XPC Inform\u00e1tica Lda., mant\u00e9m uma base de dados com o registo dos seus clientes. Os dados presentes nesta base s\u00e3o unicamente os dados prestados pelos pr\u00f3prios na altura do seu&nbsp;<span style=\"text-align: var(--text-align);\">registo, sendo recolhidos e processados automaticamente, nos termos aprovados pela Comiss\u00e3o Nacional de Prote\u00e7\u00e3o de Dados, pela XPC Inform\u00e1tica Lda., entidade respons\u00e1vel pelo correspondente ficheiro.<\/span><\/p>\n<p style=\"margin-bottom: 2rem;\">Em caso algum ser\u00e1 solicitada informa\u00e7\u00e3o sobre convic\u00e7\u00f5es filos\u00f3ficas ou pol\u00edticas, filia\u00e7\u00e3o partid\u00e1ria ou sindical, f\u00e9 religiosa, vida privada e origem racial ou \u00e9tnica bem como os dados relativos \u00e0 sa\u00fade e \u00e0 vida sexual, incluindo os dados gen\u00e9ticos.<\/p>\n<p style=\"margin-bottom: 0px !important;\">Em caso algum levaremos a cabo qualquer das seguintes atividades com os dados pessoais que nos sejam facultados atrav\u00e9s deste site:<\/p>\n<ul style=\"padding-left: 2rem; margin-bottom: 1rem;\">\n<li>Ceder a outras pessoas ou outras entidades, sem o consentimento pr\u00e9vio do titular dos dados;<\/li>\n<li>Transferir para fora do Espa\u00e7o Econ\u00f3mico Europeu (EEE), sem o consentimento pr\u00e9vio do titular dos dados.<\/li>\n<\/ul>\n<\/div>\n<\/div>\n<h2 style=\"font-weight: 500; line-height: 1.4; font-size: 1.4375rem; font-family: OpenSans-Bold, sans-serif;\">FINALIDADES DO TRATAMENTO DE DADOS PESSOAIS<\/h2>\n<div style=\"--bs-gutter-x: 1.5rem; --bs-gutter-y: 0; margin-left: calc(var(--bs-gutter-x)*-.5); margin-right: calc(var(--bs-gutter-x)*-.5); margin-top: calc(var(--bs-gutter-y)*-1); color: #242424; font-family: OpenSans-Regular, sans-serif; font-size: 15px; font-weight: 400; background-color: #f5f5f5;\">\n<div style=\"flex-basis: auto; margin-top: var(--bs-gutter-y); padding-left: calc(var(--bs-gutter-x)*.5); padding-right: calc(var(--bs-gutter-x)*.5); width: 980px; -webkit-box-flex: 0;\">\n<ul style=\"padding-left: 0px; list-style-type: none;\">\n<li>(i) Processamento de encomendas;<\/li>\n<li>(ii) Comunica\u00e7\u00e3o com clientes e esclarecimento de d\u00favidas;<\/li>\n<li>(iii) Processamento de pedidos de informa\u00e7\u00e3o;<\/li>\n<li>(iv) Processamento de reclama\u00e7\u00f5es;<\/li>\n<li>(v) Comunica\u00e7\u00f5es de marketing direto (caso tenha consentido no tratamento dos seus dados pessoais para esta finalidade);<\/li>\n<li>(vi) Solicita\u00e7\u00e3o de coment\u00e1rios a produtos ou servi\u00e7os adquiridos;<\/li>\n<\/ul>\n<p style=\"margin-bottom: 2rem;\">A XPC Inform\u00e1tica Lda. garante a confidencialidade dos dados recolhidos e bem assim da documenta\u00e7\u00e3o recebida e as informa\u00e7\u00f5es transmitidas ser\u00e3o utilizadas unicamente no \u00e2mbito da referida comunica\u00e7\u00e3o de campanhas e servi\u00e7os, dentro dos limites estritamente necess\u00e1rios.<\/p>\n<p style=\"margin-bottom: 2rem;\"><span style=\"text-align: var(--text-align);\">Os dados pessoais cujo tratamento se autoriza pela presente declara\u00e7\u00e3o n\u00e3o poder\u00e3o servir para quaisquer fins de comercializa\u00e7\u00e3o direta ou outros de natureza comercial, incluindo a defini\u00e7\u00e3o de perfis ou para quaisquer outras decis\u00f5es automatizadas e poder\u00e3o ser objeto de portabilidade nos termos do art.\u00ba 20.\u00ba do RGPD.<\/span><\/p>\n<\/div>\n<\/div>\n<h2 style=\"font-weight: 500; line-height: 1.4; font-size: 1.4375rem; font-family: OpenSans-Bold, sans-serif;\">MEDIDAS DE SEGURAN\u00c7A<\/h2>\n<div style=\"--bs-gutter-x: 1.5rem; --bs-gutter-y: 0; margin-left: calc(var(--bs-gutter-x)*-.5); margin-right: calc(var(--bs-gutter-x)*-.5); margin-top: calc(var(--bs-gutter-y)*-1); color: #242424; font-family: OpenSans-Regular, sans-serif; font-size: 15px; font-weight: 400; background-color: #f5f5f5;\">\n<div style=\"flex-basis: auto; margin-top: var(--bs-gutter-y); padding-left: calc(var(--bs-gutter-x)*.5); padding-right: calc(var(--bs-gutter-x)*.5); width: 980px; -webkit-box-flex: 0;\">\n<p style=\"margin-bottom: 2rem;\">A XPC Inform\u00e1tica Lda. declara que implementou e continuar\u00e1 a implementar as medidas de seguran\u00e7a de natureza t\u00e9cnica e organizativa necess\u00e1rias para garantir a seguran\u00e7a dos dados de car\u00e1cter pessoal que lhe sejam fornecidos visando evitar a sua altera\u00e7\u00e3o, perda, tratamento e\/ou acesso n\u00e3o autorizado, tendo em conta o estado atual da tecnologia, a natureza dos dados armazenados e os riscos a que est\u00e3o expostos. A CASEKING IBERIA garante a confidencialidade de todos os dados fornecidos pelos seus clientes quer no registo, quer no processo de compra\/encomenda de produtos ou servi\u00e7os. A recolha e tratamento de dados realiza-se de forma segura e que impede a sua perda ou manipula\u00e7\u00e3o. Todos os dados ser\u00e3o inseridos num Servidor Seguro (SSL de 128 bits) que os encripta\/codifica (transforma num c\u00f3digo). O utilizador poder\u00e1 verificar que o seu browser \u00e9 seguro se o s\u00edmbolo do cadeado aparecer ou se o endere\u00e7o come\u00e7ar com https em vez de http.<\/p>\n<\/div>\n<\/div>\n<h2 style=\"font-weight: 500; line-height: 1.4; font-size: 1.4375rem; font-family: OpenSans-Bold, sans-serif;\">COMUNICA\u00c7\u00d5ES COMERCIAIS E PROMOCIONAIS<\/h2>\n<div style=\"--bs-gutter-x: 1.5rem; --bs-gutter-y: 0; margin-left: calc(var(--bs-gutter-x)*-.5); margin-right: calc(var(--bs-gutter-x)*-.5); margin-top: calc(var(--bs-gutter-y)*-1); color: #242424; font-family: OpenSans-Regular, sans-serif; font-size: 15px; font-weight: 400; background-color: #f5f5f5;\">\n<div style=\"flex-basis: auto; margin-top: var(--bs-gutter-y); padding-left: calc(var(--bs-gutter-x)*.5); padding-right: calc(var(--bs-gutter-x)*.5); width: 980px; -webkit-box-flex: 0;\">\n<p style=\"margin-bottom: 2rem;\">Um dos prop\u00f3sitos para os quais tratamos dados pessoais fornecidos pelos utilizadores \u00e9 enviar comunica\u00e7\u00f5es eletr\u00f4nicas com informa\u00e7\u00f5es relativas a comunica\u00e7\u00f5es comerciais e promocionais. Sempre que fizermos uma comunica\u00e7\u00e3o deste tipo, ser\u00e1 direcionado exclusivamente aos utilizadores que as tenham autorizado previamente e de forma expressa. De acordo com o disposto na Decreto-Lei n.\u00ba 7\/2004, de 7 de janeiro, no caso de o utilizador desejar deixar de receber comunica\u00e7\u00f5es comerciais ou promocionais da XPC Inform\u00e1tica Lda., poder\u00e1 solicitar a oposi\u00e7\u00e3o do servi\u00e7o enviando um e-mail para rh@xpc.pt.<\/p>\n<\/div>\n<\/div>\n<h2 style=\"font-weight: 500; line-height: 1.4; font-size: 1.4375rem; font-family: OpenSans-Bold, sans-serif;\">EXERC\u00cdCIO DOS DIREITOS<\/h2>\n<div style=\"--bs-gutter-x: 1.5rem; --bs-gutter-y: 0; margin-left: calc(var(--bs-gutter-x)*-.5); margin-right: calc(var(--bs-gutter-x)*-.5); margin-top: calc(var(--bs-gutter-y)*-1); color: #242424; font-family: OpenSans-Regular, sans-serif; font-size: 15px; font-weight: 400; background-color: #f5f5f5;\">\n<div style=\"flex-basis: auto; margin-top: var(--bs-gutter-y); padding-left: calc(var(--bs-gutter-x)*.5); padding-right: calc(var(--bs-gutter-x)*.5); width: 980px; -webkit-box-flex: 0;\">\n<p style=\"margin-bottom: 2rem;\">De acordo com as disposi\u00e7\u00f5es da LDPD e do RGPD, o utilizador pode exercer a todo o tempo os seus direitos de acesso, retifica\u00e7\u00e3o, apagamento, limita\u00e7\u00e3o, oposi\u00e7\u00e3o e portabilidade, atrav\u00e9s de solicita\u00e7\u00e3o por qualquer dos seguintes meios:<\/p>\n<ul style=\"padding-left: 0px; margin-bottom: 1rem; list-style-type: none;\">\n<li>Correio: Morada: Rua Quinta da Capel\u00e2, n\u00ba1<br>2630-225 Arruda dos Vinhos<br>Portugal<\/li>\n<li>E-mail: rh@xpc.pt<\/li>\n<\/ul>\n<p style=\"margin-bottom: 2rem;\">Caso o utilizador deseje, a qualquer momento, deixar de fazer parte da base de dados XPC Inform\u00e1tica Lda., poder\u00e1 exercer esse direito atrav\u00e9s destes contatos.<\/p>\n<p style=\"margin-bottom: 2rem;\"><span style=\"background-color: #ffffff; color: #232323; font-family: OpenSans-Bold, sans-serif; font-size: 1.4375rem; text-align: var(--text-align);\">DEFINI\u00c7\u00c3O DE COOKIES<\/span><\/p>\n<p style=\"margin-bottom: 2rem;\"><span style=\"background-color: #ffffff; color: #141414; font-family: sans-serif; letter-spacing: 0.1px; text-align: var(--text-align);\">Os cookies s\u00e3o pequenos ficheiros de texto que podem ser utilizados por websites para tornar a experi\u00eancia do utilizador mais eficiente.<\/span><\/p>\n<p style=\"margin-bottom: 2rem;\"><span style=\"background-color: #ffffff; color: #141414; font-family: sans-serif; letter-spacing: 0.1px; text-align: var(--text-align);\">A lei diz que podemos armazenar cookies no seu dispositivo se forem estritamente necess\u00e1rios para o funcionamento deste site. Para todos os outros tipos de cookies precisamos da sua permiss\u00e3o.<\/span><\/p>\n<p style=\"margin-bottom: 2rem;\"><span style=\"background-color: #ffffff; color: #141414; font-family: sans-serif; letter-spacing: 0.1px; text-align: var(--text-align);\">Este site utiliza diferentes tipos de cookies. Alguns cookies s\u00e3o colocados por servi\u00e7os independentes que aparecem nas nossas p\u00e1ginas.&nbsp;<\/span><span style=\"background-color: #ffffff; color: #141414; font-family: sans-serif; letter-spacing: 0.1px; text-align: var(--text-align);\">Pode a qualquer momento alterar ou retirar o seu consentimento da Declara\u00e7\u00e3o de Cookies no nosso website.<\/span><\/p>\n<p style=\"margin-bottom: 2rem;\"><span style=\"background-color: #ffffff; color: #141414; font-family: sans-serif; letter-spacing: 0.1px; text-align: var(--text-align);\">Saiba mais sobre quem somos, como pode contactar-nos e como processamos os dados pessoais na nossa Pol\u00edtica de Privacidade.<\/span><\/p>\n<p style=\"margin-bottom: 2rem;\"><span style=\"background-color: #ffffff; color: #141414; font-family: sans-serif; letter-spacing: 0.1px; text-align: var(--text-align);\">A qualquer momento, saiba que pode entrar em contacto connosco sobre este assunto.<\/span><\/p>\n<\/div>\n<\/div>\n<p><\/p>\t\t\t\t\t\t\t\t<\/div>\n\t\t\t\t<\/div>\n\t\t\t\t\t<\/div>\n\t\t\t\t<\/div>\n\t\t<div class=\"elementor-element elementor-element-84fc250 e-flex e-con-boxed e-con e-parent\" data-id=\"84fc250\" data-element_type=\"container\" data-e-type=\"container\">\n\t\t\t\t\t<div class=\"e-con-inner\">\n\t\t\t\t<div class=\"elementor-element elementor-element-b14d653 elementor-widget elementor-widget-image\" data-id=\"b14d653\" data-element_type=\"widget\" data-e-type=\"widget\" data-widget_type=\"image.default\">\n\t\t\t\t<div class=\"elementor-widget-container\">\n\t\t\t\t\t\t\t\t\t\t\t\t\t\t\t<img decoding=\"async\" width=\"170\" height=\"110\" src=\"https:\/\/xpc.pt\/wp-content\/uploads\/2024\/03\/XPC-LOGO1-png.png\" class=\"attachment-large size-large wp-image-16425\" alt=\"\" \/>\t\t\t\t\t\t\t\t\t\t\t\t\t\t\t<\/div>\n\t\t\t\t<\/div>\n\t\t\t\t\t<\/div>\n\t\t\t\t<\/div>\n\t\t\t\t<\/div>\n\t\t","protected":false},"excerpt":{"rendered":"<p>POL\u00cdTICA DE PRIVACIDADE (RGPD) A XPC Inform\u00e1tica Lda. disp\u00f5e de uma pol\u00edtica de privacidade que garante a prote\u00e7\u00e3o dos seus dados, \u00e0 luz da nova lei de 25 de Maio, denominada por &#8220;Regulamento Geral da Prote\u00e7\u00e3o de Dados&#8221; (RGPD). IDENTIFICA\u00c7\u00c3O DO RESPONS\u00c1VEL PELO TRATAMENTO Nome: XPC Inform\u00e1tica lda Morada: Rua Quinta da Capel\u00e2, n\u00ba12630-225 Arruda [&hellip;]<\/p>\n","protected":false},"author":1,"featured_media":0,"parent":1392,"menu_order":0,"comment_status":"closed","ping_status":"closed","template":"","meta":{"footnotes":""},"class_list":["post-3","page","type-page","status-publish","hentry"],"_links":{"self":[{"href":"https:\/\/xpc.pt\/index.php\/wp-json\/wp\/v2\/pages\/3","targetHints":{"allow":["GET"]}}],"collection":[{"href":"https:\/\/xpc.pt\/index.php\/wp-json\/wp\/v2\/pages"}],"about":[{"href":"https:\/\/xpc.pt\/index.php\/wp-json\/wp\/v2\/types\/page"}],"author":[{"embeddable":true,"href":"https:\/\/xpc.pt\/index.php\/wp-json\/wp\/v2\/users\/1"}],"replies":[{"embeddable":true,"href":"https:\/\/xpc.pt\/index.php\/wp-json\/wp\/v2\/comments?post=3"}],"version-history":[{"count":19,"href":"https:\/\/xpc.pt\/index.php\/wp-json\/wp\/v2\/pages\/3\/revisions"}],"predecessor-version":[{"id":16581,"href":"https:\/\/xpc.pt\/index.php\/wp-json\/wp\/v2\/pages\/3\/revisions\/16581"}],"up":[{"embeddable":true,"href":"https:\/\/xpc.pt\/index.php\/wp-json\/wp\/v2\/pages\/1392"}],"wp:attachment":[{"href":"https:\/\/xpc.pt\/index.php\/wp-json\/wp\/v2\/media?parent=3"}],"curies":[{"name":"wp","href":"https:\/\/api.w.org\/{rel}","templated":true}]}}